29
Let r(b) = 206*b + 7. Suppose -4*a - 5*a + 9 = 0. List the prime factors of r(a).
3, 71
Let h = 4436 + -3232. List the prime factors of h.
2, 7, 43
List the prime factors of -4*(930/(-40) + -5).
113
Let u = -24 - -52. Let x = u - -11. What are the prime factors of x?
3, 13
Let t(o) = o**2 + 13*o + 3. Let c(d) = -1. Let k(w) = -3*c(w) - t(w). Let s be k(-13). Suppose s = 2*a + 3*a - 35. What are the prime factors of a?
7
Suppose 0 = -5*o - 4*p + 5, 0 = 2*o - 3*p + 6*p - 2. Let l(z) = -z**2 - z. Let u be l(o). What are the prime factors of (-5 + u)/(-3 + 2)?
7
Let w(y) = y**3 - y**2 + y - 1. Let x(o) = 6*o**3 - 12*o**2 - 3*o - 9. Let m(i) = 5*w(i) - x(i). Let q be m(6). What are the prime factors of (q/8)/(2/4)?
2, 11
Let f = 43 - 25. Let k = 31 - f. What are the prime factors of k?
13
Suppose 3374 = 2*p + 5*p. Suppose -2*t = -b - p, 0 = -5*t - 0*b - 4*b + 1231. List the prime factors of t.
3
Let r be 7*1/(-14)*-4 - -2. Let g(w) = 3*w**3 - 6*w**2 + w + 7. What are the prime factors of g(r)?
107
Suppose 5354 = 4*p - 4*s + 2*s, 3*s + 5353 = 4*p. What are the prime factors of p?
13, 103
Let a be ((-66)/(-77))/((-3)/(-14)). Suppose 2*v + 66 = -a*g + 248, 4*v + 2*g - 358 = 0. What are the prime factors of v?
89
Let z = -10 - -13. Suppose -4*d - 15 = -z. What are the prime factors of d/(6 + 0)*-6?
3
Let w(k) = k**2 + 2*k + 2. Let m be w(4). Let a = -4 + m. List the prime factors of a.
2, 11
Let s(m) = m**3 + 20*m**2 + 37*m + 26. Let d be s(-18). List the prime factors of 654/d*(-12)/(-9).
109
Suppose -8*n + 66 + 6 = 0. Let j = n + 8. What are the prime factors of j?
17
Let u be 4/(-14) + (-391)/(-119). Suppose 5*l - 47 = -u*y + 6, 4*y = -3*l + 67. What are the prime factors of y?
2
Suppose 12 = -u + 57. Let l = 64 + u. Let w = 178 - l. List the prime factors of w.
3, 23
Suppose 3*o - 16 + 1 = 0. Suppose 45 = -5*q + o*u, -u + 6 = -2*q - 3*u. What are the prime factors of 25 - (q/(-3) + -2)?
5
Suppose -30*v + 33*v = 9054. What are the prime factors of v?
2, 3, 503
Suppose -51 = -4*v - 11. Let l(o) = 7 - 2*o - 2*o + v*o. What are the prime factors of l(7)?
7
Let j(v) be the third derivative of v**6/720 - v**5/40 + 5*v**4/24 - 5*v**2. Let u(p) be the second derivative of j(p). List the prime factors of u(8).
5
Let j = -1211 + 849. Let x be (-2)/(-5) + j/5. Let a = -50 - x. What are the prime factors of a?
2, 11
Let l(v) = 82*v**2 + 3*v + 2. Let b be (3 - 4)/(3 + -2). List the prime factors of l(b).
3
Let z(m) = -m**3 + 28*m**2 + 32*m - 46. List the prime factors of z(29).
41
Suppose 0 = -k - b + 3*b + 505, 4*k - 3*b = 1995. What are the prime factors of k?
3, 5, 11
Let x be -32*((-40)/6 - 0)*3. Suppose 5*q = -11*q + x. What are the prime factors of q?
2, 5
Suppose -6*z + 0*z = -12. What are the prime factors of z*1 - (5 + -5)?
2
Let t(m) = 27*m - 4. Suppose 3*k - 41 + 17 = 0. Let v be t(k). Suppose v = 7*a + 16. What are the prime factors of a?
2, 7
Let u = 62 - -6. Let b = u + -44. List the prime factors of b.
2, 3
Suppose 7*k = 1792 + 56. List the prime factors of k.
2, 3, 11
Suppose 4*x - d - 13 = 0, 4 = -3*x - 0*d - 2*d. Suppose 0 = -2*v - x + 12. List the prime factors of v.
5
Let b be 864/(-33) + 2 + (-4)/(-22). Let h = 8 - b. What are the prime factors of h?
2
Let z(c) = c + 35. Let p be z(-15). Suppose h = -h + 5*q - 2, -4*h + p = -4*q. List the prime factors of h.
3
Suppose -4*z - 8 = j, -6 = -3*j + z + 2*z. Let i be (-1 - j)/(1/3). What are the prime factors of i*2*(-143)/22?
3, 13
Let t(s) = -7*s - 16. Let q be (-4)/(-1) - (3 + -2). Suppose -5*i - 16 = -q*i. What are the prime factors of t(i)?
2, 5
Suppose -2*s + 459 = 5*q - s, -4*q = s - 368. Let a = q + -29. What are the prime factors of a?
2, 31
Let a be 291/15 - 18/(-30). List the prime factors of 5/(a/(-88))*-2.
2, 11
Let p(r) = -5*r**2 - 11*r - 31. Let o be p(-10). Let l = -248 - o. List the prime factors of l.
173
Let r(b) = b**2 - 3*b - 27. Let w be r(14). Let j = w + 60. List the prime factors of j.
11, 17
Let x be 5*(1 - 0)/(-1). Let b be x/25 + (-222)/15. What are the prime factors of (-9)/(-6)*(-430)/b?
43
Let c(y) = y**2 + 11*y - 5. Let b be c(-12). Suppose -3*s - b*s + 860 = 0. What are the prime factors of s?
2, 43
Let w = 870 - 238. What are the prime factors of w?
2, 79
Suppose -2*f + 347 = v, 0 = 11*v - 7*v + f - 1423. List the prime factors of v.
3, 7, 17
Suppose 0*k + 76 = 2*k. Let s = 17 + k. What are the prime factors of s?
5, 11
Let k be (3 - 10) + (0 - 3). Let q be (-12)/k*(-120)/(-9). Suppose 2*a + q = 38. List the prime factors of a.
11
Suppose 5 - 2 = m. Let l = -1 + 2. Suppose l = p - m. What are the prime factors of p?
2
Let f be (-2)/(-2 + (-32)/(-12)). Let v(z) = z**2 + 3. Let d be v(f). List the prime factors of d + -4 - -3 - -4.
3, 5
Let r = 15 + -7. Let b = r + -4. What are the prime factors of (2/b)/((-2)/(-140))?
5, 7
Let g = -82 + 85. Suppose 0 = 5*r - 2*z - 81 - 1, 3*r - 45 = -g*z. What are the prime factors of r?
2
Suppose -f - 4375 = -5*n, 4*n + 0*f - 3499 = f. Suppose -h = -2*h, 4*q - n = 2*h. List the prime factors of q.
3, 73
Suppose -x = -0*x - 72. Suppose -5*h = 15, -m + 4*h - x = -2*m. What are the prime factors of m?
2, 3, 7
Let f = 210 - 64. List the prime factors of f.
2, 73
Suppose 560*r = 556*r + 2908. List the prime factors of r.
727
Suppose 5*v - 565 = -3*h, -5*h + 24 + 183 = 2*v. Let a = 196 - v. List the prime factors of a.
2, 5
Let w(y) = y**3 - 11*y**2 + 9*y - 13. Let k be w(10). Let v = k - -35. What are the prime factors of v?
2, 3
Let y = -84 - -168. Suppose -4*w = -2*w. Suppose w*t + t = 1, -4*t = 4*m - y. What are the prime factors of m?
2, 5
Let f be (-1)/(-4 + 68/16). Let h(d) = -5*d + 7. What are the prime factors of h(f)?
3
List the prime factors of 2/10 + 1869/(-70)*-14.
2, 11, 17
Let n = 17 - 12. Suppose -c = -2*g + 14, -3*g + 0*g + n*c + 35 = 0. Suppose -4*h = -g*h - 5*j + 33, -2*h = -5*j - 126. List the prime factors of h.
53
Suppose -72 = -3*j - 2*h - 17, -27 = -j - 5*h. Let u = j - 11. List the prime factors of 8/12 - (-272)/u.
2, 23
Let n = -188 - -612. Let a = 753 - n. What are the prime factors of a?
7, 47
Let n(l) = -l**3 - 15*l**2 - 20*l - 32. Let t be n(-14). Let s = 5 + t. What are the prime factors of s?
3, 19
Suppose -2*p + 2*z = -2, -p - 2 = 5*z - 15. Let l be 3/(p + -1 + 1). List the prime factors of l/(-2 - 130/(-64)).
2
Let p be (1 - 3)/2*16. Let r = p - -110. What are the prime factors of r?
2, 47
Let l be -14*(4 - 9/6). Let c = l - -170. List the prime factors of c.
3, 5
Let f = -288 - -829. What are the prime factors of f?
541
Let f = -24 - -13. Let p = f - -4. Let h = p - -14. List the prime factors of h.
7
Suppose 300 = 4*k + 4*z, 0 = 5*k - 4*z - 400 + 70. What are the prime factors of k?
2, 5, 7
What are the prime factors of 0 + (-1)/(-2) - 3084526/(-772)?
2, 3, 37
Suppose -a = 30 - 23. Let n = a + 34. What are the prime factors of n?
3
List the prime factors of (-204)/10*110/(-3).
2, 11, 17
Suppose -g + 4*v - 23 = 0, 4*g = 4*v - 89 - 15. Let j = g - -56. What are the prime factors of j?
29
Let x be 13/4 + 1/(-4). Let r be 1 + 0 - (2 - 3). Suppose 0 = -z - t + 8, -x*t - r*t = -20. What are the prime factors of z?
2
Suppose 7044 = 11*h - 8*h. What are the prime factors of h?
2, 587
Let m be -9 - 0 - (-3 - -1). Let p = 7 + m. Suppose -4*k + 35 + 41 = p. List the prime factors of k.
19
Suppose -3*a - 3*d = -2*d - 36, -d = -5*a + 52. Suppose 4*q = -43 + a. What are the prime factors of (-4)/(q/(-10))*-4?
2, 5
Let c(l) be the second derivative of l**4/3 + 3*l**3/2 - 6*l**2 - 30*l. What are the prime factors of c(4)?
2, 11
Let d = -37 - -44. Suppose d*w - 12*w = -330. List the prime factors of w.
2, 3, 11
List the prime factors of (4 - (-1111 - 8))*1.
1123
Let a(o) = -o**3 + 8*o**2 - 8*o. Let b be a(7). Let v(d) = -d - 4. Let i be v(b). Suppose 2 - 131 = -i*k. What are the prime factors of k?
43
What are the prime factors of 7215/20*56/42?
13, 37
Let o(p) = 5*p**2 - 1 - 59*p - 2 + p**3 + 62*p. Let f be o(-4). List the prime factors of f*12 + (-6)/3.
2, 5
Suppose -i = 2*w - 12, 0*i + w - 7 = -i. Suppose -34 = -n - 2*c, -i*c - 113 = -4*n + 43. Let k = -21 + n. What are the prime factors of k?
17
Let v(h) = 4*h**2 - 7. Let j be v(6). Let k = j - 0. List the prime factors of k.
137
Let k be 18/(-15)*5/(-2).